 is the remainder when 19 is divided by (-6)/(-3) + (3 - a)?
4
Let x(h) = 10*h - 5. Let r = -22 - -21. What is the remainder when x(6) is divided by r/5 - 355/(-25)?
13
Let h = 208 + -203. Suppose 2*a - 2*f = -3*a + 127, a - 27 = 2*f. Calculate the remainder when a is divided by h.
0
Let m = -14 - -5. Let f(q) = -q**2 + 115 - 42 - 38 - 10*q - 40. What is the remainder when 10 is divided by f(m)?
2
Let a(w) = -w**2 + w + 1. Let d(y) = 5*y - 2. Let k(u) = -2*a(u) + d(u). What is the remainder when k(7) is divided by 9?
7
Let r(y) = y**2 - 3*y - 1. Let q be r(6). Let b = -60 + 63. Suppose -5*n + b = -q. What is the remainder when 5 is divided by n?
1
Suppose 3*x = -225 + 1068. What is the remainder when x is divided by 22?
17
Let i(q) = 105*q + 2. Let r = 19 + -18. What is the remainder when i(r) is divided by 22?
19
Let q = 104 + -85. What is the remainder when -4*(-3)/(-6) + 52 is divided by q?
12
Let b(u) = -u**3 + 10*u**2 - 12*u - 9. Suppose 48 = -0*i + 6*i. Calculate the remainder when 135 is divided by b(i).
20
Suppose 0*j + 3*j = 5*t + 14, -9 = 3*t - 2*j. Let f be (-2)/(2/(t - 3)). Suppose c - f*c + 30 = 0. Calculate the remainder when 29 is divided by c.
9
What is the remainder when 189 is divided by 119/51*(13 + -1)?
21
Suppose 3*i = 6*i - 3. Let w(l) = -l**2 - 3*l + 12. What is the remainder when w(2) is divided by i?
0
Let r(y) = -4*y**2 + 35*y - 7. Calculate the remainder when r(8) is divided by 11.
6
Let x = 2585 - 2570. Let l(y) = 3*y + y**3 + y**2 + 0 - 2 - 4*y. Calculate the remainder when x is divided by l(2).
7
Suppose -2*q + 9 - 3 = 0. Suppose -2*y = -q*p + 159, -3*p + 180 = y + 21. Calculate the remainder when p is divided by 27.
26
Suppose -216 = l + 16. Let f = -158 - l. Calculate the remainder when f is divided by 15.
14
Let k be (100/(-6))/(12/(-18)). Let h be (-3 + 34/10)*k. What is the remainder when (h/(-3))/(2/(-18)) is divided by 16?
14
Let t(d) = -19*d - 109. What is the remainder when t(-16) is divided by 3?
0
Let v = -7337 - -7504. Suppose -120 = -2*x - 36. Calculate the remainder when v is divided by x.
41
Let p(j) = -j**2 + 6*j - 7. Let c be p(7). Let v(m) = -m**3 - 14*m**2 - 4*m - 21. Calculate the remainder when v(c) is divided by 9.
8
Suppose -6*y + 75 + 27 = 0. What is the remainder when 67 is divided by y?
16
Let j(o) = -21*o + 678. Calculate the remainder when 207 is divided by j(29).
0
Suppose 3*p - 103 = -3*i + 5*p, -98 = -3*i + p. Suppose 157 = 3*z + 5*m, 5*z = -5*m + i + 234. What is the remainder when 322 is divided by z?
52
Let o be ((-12)/42)/(2/(-28)). Suppose w = 5*h - 19, -o*w + 2*h = h + 19. What is the remainder when 35 is divided by (-238)/(-28) + (-2)/w?
8
Let m(u) = u**2 + 8*u + 10. What is the remainder when (48/(-9))/(12/(-18)) is divided by m(-7)?
2
Let f(y) = -9*y. Let l = -67 + 82. Calculate the remainder when f(-1) is divided by ((-18)/l)/(1*(-9)/30).
1
Suppose -61*i + 618 = -236. Calculate the remainder when 570 is divided by i.
10
What is the remainder when 145 is divided by (-264)/18*6/(-2)?
13
Let r = -15 + 26. Let f = 4645 - 4613. Calculate the remainder when f is divided by r.
10
Let f(g) = 12*g**3 - g**2 + 2*g - 1. Let x be 1*(4 - 2) - 18. Let p = -15 - x. What is the remainder when 46 is divided by f(p)?
10
Let h(b) = 2*b**2 + 2*b + 2. Let a = -25 - -48. Let g = a + -20. What is the remainder when h(-2) is divided by g?
0
Suppose -80 = -4*m - m. Let d(x) = 2*x + 11. Let v be d(-4). Suppose -v*w + 188 = -l, -5*w - l + 318 = -5*l. What is the remainder when w is divided by m?
14
Suppose s + 4 = 0, -4*y - 5*s - 29 = -7*y. Calculate the remainder when (-1)/y - 323/(-51) is divided by 6.
0
Suppose 0 = 4*z - 3*x - 41, 0*z + 36 = 3*z + 3*x. Calculate the remainder when 22 is divided by z.
0
Let g(w) = 2*w**2 - 6*w - 6. Suppose 3*h = -0*h + 4*u + 7, -4*h - 4*u = 0. What is the remainder when g(6) is divided by 762/48 - h/(-8)?
14
Suppose 2*j - 5*j = 4*i + 147, -3*i + 3*j = 105. Let b = 53 + i. What is the remainder when 48 is divided by b?
14
Let j = -23 - -34. Let b(a) = -3*a + 11. Let l(s) = -9*s + 33. Let x(v) = -17*b(v) + 6*l(v). Calculate the remainder when x(-3) is divided by j.
9
Let a = -15 + 17. Suppose -5*k + 36 = -4*g, -5*k + 7*g = a*g - 40. Let i(p) = 2*p**3 - 8*p**2 + 3*p - 10. What is the remainder when k is divided by i(4)?
0
Let s(f) = -2*f - 22 + 67 + 9. What is the remainder when s(13) is divided by 8?
4
Suppose 155 - 165 = 2*c. Let b(o) = -6*o - 18. Calculate the remainder when (-2 + 2 + -1)*-23 is divided by b(c).
11
Suppose -4*f = -12*h + 7*h - 299, 4*f = -5*h + 309. Calculate the remainder when f is divided by 23.
7
Suppose -9 = 9*s - 12*s. Suppose -9 - 54 = -s*v. Calculate the remainder when 81 is divided by v.
18
Suppose 0 = -3*o - 4*b + 32, 8*b = 5*o + 4*b. Suppose -4*m + 2*i = -2*m - 34, -o*m + 64 = -3*i. What is the remainder when 90 is divided by m?
12
Suppose w = -5*a + 35, -w - 3*a = -7*a + 1. What is the remainder when w is divided by 11?
4
Let r = 33 - 22. Let b(h) be the first derivative of h**4/4 - 13*h**3/3 + h**2/2 - 9*h - 1. What is the remainder when r is divided by b(13)?
3
Suppose 3*t + 8*t = 253. Let r(l) = -l + 18. What is the remainder when t is divided by r(9)?
5
Suppose 6*h - 76 = 14. Calculate the remainder when 38 is divided by h.
8
Let m be 3751/968 + (9/8 - 1). Suppose -4 = 2*b - 14. Suppose 3*p + 4*c - 50 = 0, -2*p - c + b = -m*c. What is the remainder when 39 is divided by p?
9
Let m(d) = d**2 - 6*d + 7. Suppose -2*n = h - 19, 3*n - 4*h = 2*n + 14. Let z be m(n). Suppose -3*l = z - 248. Calculate the remainder when l is divided by 17.
16
Suppose -8*x + 244 - 28 = 0. Suppose -2*s - x = -5*s. Calculate the remainder when 52 is divided by s.
7
Suppose -5*n + 140 = j - 0*j, 0 = 4*j. What is the remainder when n is divided by 228/14 - (-20)/(-70)?
12
Let f be (-4)/14 - 26/7. Let g = f + 18. Calculate the remainder when 68 is divided by g.
12
Let a(y) be the second derivative of -y**3/3 + 25*y**2/2 + 7*y. What is the remainder when a(-6) is divided by 20?
17
Let o(z) = 5*z**2 - 13*z + 7. Let y be o(-9). Suppose 773 = 7*q - y. What is the remainder when q is divided by 47?
45
Let q = 18 + 39. Let g = q + 38. What is the remainder when g is divided by 25?
20
Let u = 6 + 15. Let q = -15 + u. What is the remainder when (-16)/10*(-15)/q is divided by 2?
0
Suppose -4*k + 128 = 3*s, k = 4*s - s + 17. Calculate the remainder when k is divided by 15.
14
Suppose -3*z = -2*z - 15. Suppose g - 3*k = k + 42, -2*g + k = -84. Calculate the remainder when g is divided by z.
12
Let k = 71 - 65. Let y(z) = 19*z - 7. What is the remainder when y(k) is divided by 10?
7
Let c = 46851 - 46837. Let g = -7 + -45. Let f = g + 78. Calculate the remainder when f is divided by c.
12
Suppose o + 44 - 62 = 0. What is the remainder when 34 is divided by o?
16
Suppose -184 = 3*s - 11*s. Suppose -l - 11 = -s. What is the remainder when 79 is divided by l?
7
Let t be (-2 - 3)*33/(-15). Let h = t + -14. Calculate the remainder when 6 - ((-12)/h + -7) is divided by 6.
3
Suppose -3*n - 3*u - 54 = -195, -4*n + 220 = -4*u. What is the remainder when n is divided by 9?
6
Let d = 52 + -73. Let s = d + 29. Let i(u) = -u**2 + 73*u - 448. Calculate the remainder when i(7) is divided by s.
6
Let a(z) be the second derivative of -10*z**3/3 + 5*z. Let f be a(-1). Suppose 18 = m - f. Calculate the remainder when m is divided by 10.
8
Let w(n) = 6*n - 53. Let u(h) = -3*h + 27. Let t(v) = -11*u(v) - 6*w(v). Calculate the remainder when 93 is divided by t(-9).
45
Let z = -393 + 559. What is the remainder when z is divided by 14?
12
Calculate the remainder when 116 is divided by 6 - (-3 - -6) - 14*-4.
57
Suppose 60 = 2*v + 14*q - 12*q, 4*v + q - 135 = 0. Calculate the remainder when v is divided by 4.
3
Suppose 200 = 7*l - 3*l. Let t = -18 + 14. Let v(g) = -g + 13. What is the remainder when l is divided by v(t)?
16
Calculate the remainder when 7/(-28) + 4/16 + 2 is divided by 1.
0
Let i(d) = d - 13. Let q(w) = w - 13. Let a(r) = 5*i(r) - 6*q(r). Calculate the remainder when 21 is divided by a(0).
8
Let h(u) = -130*u + 549. Calculate the remainder when h(4) is divided by 19.
10
Let w = 20 + 12. Suppose 100 + w = 6*f. What is the remainder when 41 is divided by f?
19
Suppose 4*m - s + 3*s 